the greatest common factor of 34 and n?
17
Suppose 10 = -2*b + 54. Suppose -3*j + 30 = 5*s + 2*j, 0 = -4*s - 3*j + 24. Let i = s + 5. What is the greatest common factor of i and b?
11
Let h(s) = s**2 - 6*s + 11. Let g be h(5). Calculate the highest common factor of g and 24.
6
Let n = 141 + -61. Calculate the greatest common factor of n and 32.
16
Let h(v) = 3*v**2 + 5*v - 3. Let s be h(-4). What is the greatest common divisor of 75 and s?
25
Let t be (3 - 4)/((-2)/(-2)) + 36. What is the highest common factor of 35 and t?
35
Let i = 6 - 3. Let n(o) = 3*o - 3. Let z be n(i). Let q be 5/(-15)*3 + 10. What is the highest common factor of z and q?
3
Suppose -o + 5 = 0, -5*o + 257 = 5*m - 23. What is the highest common factor of 34 and m?
17
Let q be 2/(-5) - 47/(-5). Suppose 2*a - 6 = 0, -3*d + d + a + 141 = 0. Calculate the highest common divisor of q and d.
9
Suppose 4*f = -7*p + 3*p - 72, 2 = -f. Let d = p + 18. What is the highest common divisor of 16 and d?
2
Suppose -3*r - 11 = -8*r + 2*t, -3*r + 4*t = -1. Suppose 4*p + 76 = q, 2*q + p = r*q - 79. Calculate the highest common divisor of q and 32.
16
Let i be (2 - -2)*242/8. Suppose 10 = 4*q - 34. What is the highest common factor of i and q?
11
Let y be (-3 - 0) + (3 - -10). Calculate the highest common divisor of 80 and y.
10
Suppose 0 = -2*q - 4*b + 232, 519 = 5*q + 2*b - 77. What is the greatest common factor of 48 and q?
24
Let z(t) = -16*t - 4. Let r be z(-2). Suppose -r = -7*i + 3*i. Calculate the greatest common factor of 49 and i.
7
Let u(h) = h**2 + 5*h - 3. Let w be u(-6). Calculate the highest common divisor of 5 and w.
1
Let w = 27 - -33. Calculate the highest common divisor of 12 and w.
12
Let h = -67 + 103. Suppose 0 = 4*r + a - 16, a - 12 = r - 4*r. Calculate the highest common factor of h and r.
4
Let d = 2 + -2. Suppose -3*q + 40 + 2 = d. What is the highest common factor of 2 and q?
2
Let w be 30*(6/(-4))/1. Let s be (4/6)/((-6)/w). Suppose -s*v = -f - 206, 2*v + 0*f + 4*f - 100 = 0. Calculate the highest common divisor of 28 and v.
14
Suppose 7 = -3*g - 4*c, -c + 0 = -3*g - 2. Let l be (-92*3)/(-4) - g. What is the greatest common divisor of 14 and l?
14
Suppose -36 = -4*k + 4*q, -5*k + 21 = 3*q - 0*q. Calculate the highest common factor of 2 and k.
2
Let w = -22 - -7. Let t be 2/10 - 312/w. What is the highest common factor of t and 147?
21
Let b = 20 + -4. Calculate the highest common factor of b and 80.
16
Suppose 7*x - 3*x - 8 = 0. Suppose 4*w + 0*k - 24 = -3*k, -x*w + 2*k - 2 = 0. Suppose -2*m - w = -15. What is the greatest common divisor of 6 and m?
6
Let x(h) = h**2 - 2*h - 2. Let r be x(4). Suppose -r*a + a + 60 = 0. What is the highest common factor of 30 and a?
6
Let d = -14 + 20. Suppose -5*b + 4*y = -48, -2*b + y - 2*y = -27. Suppose 0 = 4*m - b - 24. What is the highest common divisor of m and d?
3
Let w = 65 + -43. Suppose 3*b = -0*s + 3*s + 18, -3*b + 4*s = -23. Suppose -4*j - 2*p + 33 = 3*p, p + b = 3*j. Calculate the highest common divisor of j and w.
2
Suppose 4*c - 64 = 56. Let m(y) be the first derivative of y**3 + 2*y**2 + 3. Let h be m(-3). Calculate the highest common factor of h and c.
15
Let w = -4 + 15. Suppose 0*t = 5*t - 440. Calculate the greatest common divisor of t and w.
11
Suppose 3*f = 4*a - f - 252, 5*a + 4*f - 315 = 0. Calculate the highest common divisor of 9 and a.
9
Let o(c) = -2*c**3 - 2*c**2 + 8*c + 5. Let u be o(-3). Calculate the highest common factor of u and 102.
17
Suppose -4*b - 4 - 8 = 5*w, -2*w + 4*b = 16. Let d = 53 - 95. Let n be (-2)/(-3)*d/w. What is the greatest common divisor of 14 and n?
7
Suppose 57 = x + 4*a, 5*x + 2*a - 25 - 296 = 0. Calculate the greatest common factor of 5 and x.
5
Suppose 6 = 3*r - 12. Suppose l + l = r. Suppose -l*t - 15 = -6*t. What is the highest common factor of t and 40?
5
Let f be ((-9)/(-2))/((-16)/(-160)). What is the highest common factor of f and 18?
9
Let h be (0 - -2)/((-2)/(-14)). Suppose 700*b + 168 = 704*b. Calculate the highest common factor of b and h.
14
Let q be (7/14)/((-2)/(-60)). Suppose -q = -2*f + f. What is the highest common divisor of f and 5?
5
Let u(k) = 6*k**2 + 8*k + 2. Let b be u(7). What is the highest common divisor of b and 32?
32
Let i = -45 + 67. Let w be ((-8)/(-10))/(1/230). Suppose w = 4*u + 52. Calculate the greatest common factor of u and i.
11
Let r(v) = v**2 + 2*v. Let t be r(2). Let j be (-172)/(-6) + t/(-12). What is the highest common factor of j and 7?
7
Let t(n) = 20*n. Let l be t(2). Calculate the greatest common divisor of 5 and l.
5
Let b = 45 + -9. Let y(l) = l**2 + l + 1. Let z be y(-3). Let r be (z/(-2) - 1)*-2. What is the greatest common divisor of r and b?
9
Let s = -9 + 5. Let r = -4 - s. Suppose 5*o - 20 - 50 = r. What is the highest common divisor of 35 and o?
7
Let a(l) = l**2 + 8*l - 18. Let p be a(-10). Let h(n) = -n**2 + 9*n + 2. Let t be h(7). What is the highest common factor of p and t?
2
Suppose 88 = 3*z - 110. Let w(h) = -2*h + 30. Let a be w(-7). What is the greatest common divisor of a and z?
22
Let h(j) = 39*j**2 + j - 2. Let u be h(1). Calculate the highest common divisor of 76 and u.
38
Let v(n) = 2*n - 1. Let j be v(6). Let t be j/2 - 3/(-2). Calculate the highest common factor of 1 and t.
1
Suppose x - 56 = -0*x. Let g(d) = 8*d. Let j be g(1). What is the greatest common factor of j and x?
8
Let b(z) = -3*z + 0*z - z**3 + 11*z**2 - 11 - z - 3*z. Let g be b(9). Calculate the greatest common divisor of 8 and g.
8
Let h(x) = x**3 + 3*x**2 - 7*x + 6. Let u be h(4). What is the greatest common divisor of u and 10?
10
Let x be (2/4)/(29/4 - 7). Let n(y) = y**3 + 6*y**2 + 2*y + 3. Let k be n(-5). Calculate the greatest common divisor of k and x.
2
Let n(s) = -s - 3. Let j be n(-7). Let f = 26 + j. Let g = 35 - 23. What is the greatest common factor of f and g?
6
Let v be -2 - -4*(-7)/(-2). Let o(a) = a - 2*a + 0*a - 59*a**3. Let s be o(-1). What is the highest common factor of v and s?
12
Suppose 2*d + 0 + 10 = 0. Let j be (-1)/5 - 56/d. Calculate the highest common factor of j and 55.
11
Let j = 27 - 19. What is the greatest common divisor of j and 80?
8
Suppose 3*k + 5*p = 7 + 18, 5*k = -5*p + 45. Suppose -f = 2*t - 2, -f - f - t = -k. What is the greatest common factor of 2 and f?
2
Let h(i) = -7*i**3 - i**2 + 1. Let w be h(-1). What is the greatest common factor of 56 and w?
7
Let i = 19 - 4. Suppose -4*k + i = -k. Let w(z) = -z**3 + 5*z**2 + z - 1. Let b be w(k). Calculate the greatest common divisor of b and 36.
4
Let r(b) = -b**2 - 6*b + 3. Let i be r(-6). What is the highest common divisor of 21 and i?
3
Let k be (-6)/(-9) - (-38)/6. Let g(z) = 2*z**2 + 31*z + 141. Let n be g(-4). Calculate the highest common factor of n and k.
7
Suppose -s + 45 = 2*s. Calculate the highest common divisor of 6 and s.
3
Let w be (3 + -1)*3/6. Let c be 1 - 1 - (w - 7). Calculate the greatest common divisor of 54 and c.
6
Let b(t) = t**3 - 4*t**2 + 2*t + 7. Let i be b(3). Calculate the highest common divisor of 40 and i.
4
Let r(z) = 19*z - 2. Let s be r(1). Let m be 67/2 - (-2)/4. What is the highest common factor of s and m?
17
Suppose 4*u = -2*i + 4, 5*i + 2 - 12 = -4*u. Suppose -i*h = -1 - 11. Suppose -h*x + 4*x + 52 = 0. Calculate the greatest common factor of 65 and x.
13
Let l = 22 - 7. Let p = 0 - 0. Let h be (-1 - (2 + -8)) + p. What is the greatest common factor of l and h?
5
Suppose -5*m + 204 = -3*m + 4*n, -5*m + 2*n + 546 = 0. What is the highest common factor of 36 and m?
36
Let r(c) = c**2 - c. Let v be r(-4). Let l = 9 - 6. Let i be (l - 2)/(2/8). Calculate the greatest common divisor of v and i.
4
Let b be -8*2/((-24)/21). Let u(x) = 8*x**3 + 2*x**2 - 2. Let r be u(2). Calculate the highest common divisor of b and r.
14
Suppose -4*x = 0, -5*b + 5*x + 5 = -5. Suppose -5*a + b*a = -3. Let m(n) = n**2 + 7*n - 13. Let h be m(-9). Calculate the greatest common factor of a and h.
1
Let y be 1 - (4 - (-3 + 9)). What is the greatest common factor of 21 and y?
3
Let a be 539/55 - 1/(-5). What is the greatest common factor of 40 and a?
10
Let t(q) = 19*q - 1. Let x be t(1). What is the highest common divisor of x and 18?
18
Let z be 95 + (-18)/12*16/(-6). Suppose 38 = 4*v - b, v + 3*b - 1 - 2 = 0. What is the highest common 